termine d(-36).
-3
Let v(i) = 181*i**2 - 6617*i - 122. Calculate v(37).
2838
Let g(p) = -2206*p + 19676. Determine g(9).
-178
Let x(i) = -44*i**3 - 878*i**2 + 31*i - 38. Give x(-20).
142
Let t(y) = -y**2 + 926*y + 79417. What is t(-79)?
22
Let n(h) = -h**3 + 137*h**2 + 4621*h - 197. Determine n(165).
-32
Let p(w) = w**3 - 117*w**2 + 111*w + 434. What is p(116)?
-146
Let o(k) = -k**2 - 42*k - 150. Calculate o(-39).
-33
Let p(d) = -42*d**3 - 2*d**2 + 86*d + 69. Give p(-1).
23
Let b(a) = -a**2 - 5450*a - 1180634. Determine b(-226).
-10
Let q(t) = t**3 + 38*t**2 - 59*t - 292. Give q(-40).
-1132
Let p(r) = -r**3 - 269*r**2 + 181*r - 24214. Calculate p(-270).
-184
Let s(p) = -152594*p + 915552. What is s(6)?
-12
Let o(w) = -389*w + 27156. Give o(70).
-74
Let n(z) = -z**3 - 152*z**2 + 103*z + 14907. Give n(-152).
-749
Let x(n) = -n**2 - 102*n - 1886. Calculate x(-25).
39
Let c(t) = -t**3 - 104*t**2 - 106*t - 11109. Calculate c(-104).
-85
Let y(g) = 3*g**2 - 189*g + 1628. What is y(8)?
308
Let r(m) = -46*m**3 - 8*m**2 + 15*m - 39. Give r(0).
-39
Let j(k) = -313*k + 17507. Give j(63).
-2212
Let l(c) = -517*c + 1052. Calculate l(3).
-499
Let r(i) = 2*i**2 - 4978*i - 774987. What is r(-147)?
-3
Let x(g) = 14585*g - 554221. Give x(38).
9
Let a(o) = -4*o**2 + 134*o - 912. What is a(8)?
-96
Let n(f) = -f**3 + 1574*f**2 - 18698*f - 71857. Determine n(1562).
-5
Let p(y) = -y**3 - 197*y**2 - 543*y + 7634. Give p(-194).
68
Let k(i) = 1738*i - 507513. Determine k(292).
-17
Let l(x) = -1047*x**2 - 2974*x + 524. Calculate l(-3).
23
Let y(n) = -n**3 - 23*n**2 + 557*n + 6272. Determine y(-34).
50
Let f(x) = x**3 - 165*x**2 + 6643*x + 1041. Determine f(95).
376
Let o(q) = 19520*q + 2147017. Give o(-110).
-183
Let i(g) = -68*g + 739. Determine i(7).
263
Let f(j) = 11722*j - 117213. Determine f(10).
7
Let h(u) = -26003*u + 25825. Calculate h(1).
-178
Let q(m) = -3*m**2 - 21*m + 6392. Give q(46).
-922
Let c(o) = o**3 + 92*o**2 + 1651*o + 97605. What is c(-86)?
-5
Let z(u) = -7169*u + 21535. What is z(3)?
28
Let q(r) = 35616*r + 106859. Determine q(-3).
11
Let i(d) = -414*d - 128458. Give i(-310).
-118
Let i(y) = 2*y**3 + 8*y**2 + 1573*y + 40712. Give i(-19).
-5
Let f(d) = -4*d**2 - 387*d - 384. Give f(-98).
-874
Let g(q) = q**3 - 71*q**2 + 6*q - 1991. What is g(0)?
-1991
Let s(k) = k**3 + 5*k**2 + 242*k - 78. Calculate s(0).
-78
Let s(j) = -26*j**3 + 29*j**2 - 3*j + 108. What is s(0)?
108
Let d(j) = 82*j**2 - 56*j + 46. What is d(1)?
72
Let c(a) = 6794*a + 27172. Determine c(-4).
-4
Let f(w) = -41593*w - 41593. What is f(-1)?
0
Let m(r) = -13*r**3 - 7*r**2 - 14*r + 93. What is m(4)?
-907
Let w(c) = 8*c**2 - 52*c - 163. What is w(-3)?
65
Let v(h) = 2*h**3 - 294*h**2 + 7993*h - 272. Give v(111).
-161
Let y(s) = s**2 - 19*s + 101. Determine y(19).
101
Let v(u) = 2828*u - 299765. Calculate v(106).
3
Let w(u) = -22*u**3 + 2*u**2 + 57*u + 207. Give w(-4).
1419
Let w(n) = 19*n**3 + 5872*n**2 + 309*n - 57. What is w(-309)?
-57
Let b(x) = 161*x**2 + 2886*x - 3. Determine b(-18).
213
Let v(c) = 93*c**2 + 1489*c + 36. What is v(-16)?
20
Let t(g) = 1206*g**2 - 313539*g - 5463. What is t(260)?
-3
Let n(f) = 115*f**3 + 42448*f**2 + 4783*f - 5161. What is n(-369)?
5
Let p(a) = 86*a**2 - 215*a - 147. Determine p(9).
4884
Let v(t) = -9129*t + 212. Give v(0).
212
Let w(z) = 2661*z + 8198. What is w(-3)?
215
Let w(v) = 2*v**3 + 9*v**2 + 102*v - 61. Give w(7).
1780
Let y(x) = -x**3 + 24*x**2 + 93*x - 355. What is y(26)?
711
Let g(u) = -167444*u - 11051296. Give g(-66).
8
Let b(o) = -608*o - 32021. What is b(-61)?
5067
Let l(s) = 36347*s + 290613. Determine l(-8).
-163
Let s(o) = 940*o - 18792. Determine s(22).
1888
Let m(j) = -10663*j - 4222532. What is m(-396)?
16
Let n(w) = -3*w**2 - 11882*w - 47565. Determine n(-4).
-85
Let r(s) = 10*s**2 + 203*s + 16. Calculate r(-25).
1191
Let m(y) = -5082*y - 101633. Determine m(-20).
7
Let b(j) = -281*j + 14900. What is b(48)?
1412
Let h(k) = k**3 + 10*k**2 + 100*k + 542. What is h(-9)?
-277
Let p(r) = -r**3 - 64*r**2 - 964*r + 1951. Give p(-33).
4
Let z(y) = -y**2 + 131*y - 3144. Give z(32).
24
Let x(d) = -84*d**2 - 589*d - 59. What is x(-7)?
-52
Let x(y) = -320*y + 3670. Determine x(11).
150
Let b(h) = h**2 - 652*h + 101866. Give b(260).
-54
Let h(k) = 12*k**3 + 1958*k**2 + 317*k - 1639. Determine h(-163).
-172
Let g(z) = -17*z**3 - 382*z**2 + 622*z - 46. Give g(-24).
2
Let g(q) = q**3 - 46*q**2 + 393*q - 1158. Give g(36).
30
Let q(m) = 9*m**3 + 8*m**2 - 75*m + 41. Give q(7).
2995
Let m(z) = -16*z**3 - 3897*z**2 - 2188*z - 251. Give m(-243).
-8
Let g(v) = -2*v**3 + 11*v**2 - 5738*v + 34468. Determine g(6).
4
Let m(o) = -o**3 - 206*o**2 - 9938*o - 652. Give m(-129).
-7
Let f(p) = p**3 - 14*p**2 + 24*p + 104. Calculate f(16).
1000
Let p(s) = 110495*s - 97. Determine p(0).
-97
Let o(i) = 80*i**2 + 51515*i - 3232. Determine o(-644).
-12
Let x(d) = -d**2 + 7520*d - 52801. Calculate x(7).
-210
Let q(m) = 2*m**2 + 5456*m + 2833891. Determine q(-698).
11
Let v(h) = -8*h**3 + 6*h**2 + 30*h + 65. What is v(-3)?
245
Let r(a) = 1184*a - 60461. Give r(51).
-77
Let u(t) = -46*t**2 - 741*t - 124. Give u(-15).
641
Let m(d) = d**3 + 33*d**2 + 382*d + 2213. Calculate m(-19).
9
Let b(q) = 26*q**2 - 1201*q - 3572. Determine b(49).
5
Let v(p) = -p**3 + 61*p**2 - 88*p - 1442. Give v(6).
10
Let z(u) = u**3 + 10*u**2 - 338*u + 7. Give z(14).
-21
Let p(h) = -5961*h + 89410. Determine p(15).
-5
Let s(i) = i**3 + 113*i**2 - 122*i + 59. Determine s(-114).
971
Let n(x) = 20674*x + 103379. Give n(-5).
9
Let c(j) = 7057*j - 359930. Give c(51).
-23
Let u(q) = -26053*q - 495022. Calculate u(-19).
-15
Let m(g) = -26683*g + 54227. What is m(2)?
861
Let f(z) = 209*z - 9545. Calculate f(44).
-349
Let r(f) = -32143*f - 803604. Calculate r(-25).
-29
Let i(z) = -42930*z + 1631347. What is i(38)?
7
Let z(q) = -1834*q + 9261. Calculate z(5).
91
Let d(y) = -61*y**2 - 104*y + 372. What is d(-5)?
-633
Let p(a) = 6815*a - 61234. Determine p(9).
101
Let b(x) = 3*x**3 + 104*x**2 + 38*x - 988. What is b(-34)?
32
Let o(x) = -5*x**2 - 35*x + 77. Calculate o(-7).
77
Let m(b) = -416*b - 29537. What is m(-77)?
2495
Let j(g) = -170602*g - 170584. What is j(-1)?
18
Let p(y) = -133925*y - 27. Calculate p(0).
-27
Let f(a) = -34*a + 1392. Calculate f(48).
-240
Let t(l) = 49044*l - 1029932. Determine t(21).
-8
Let v(k) = 1412*k + 104472. Calculate v(-74).
-16
Let c(o) = -68*o**2 - 20952*o - 23402. Determine c(-307).
-70
Let f(g) = -g**3 - 788*g**2 + 17825*g - 107. What is f(22)?
3
Let g(j) = -2*j**3 + 3*j**2 + 11272*j - 22549. What is g(2)?
-9
Let i(o) = 6*o**3 + 10*o**2 + 9*o + 10. Determine i(-6).
-980
Let f(m) = -33481*m - 7633662. Give f(-228).
6
Let z(j) = 4*j**3 + 1067*j**2 + 14869*j + 262. Calculate z(-252).
10
Let r(z) = -251*z + 4956. Determine r(19).
187
Let j(r) = -786*r + 6257. What is j(8)?
-31
Let f(h) = h**3 - 16*h**2 - 42*h + 7513. Give f(-16).
-7
Let a(x) = x**3 + 7*x**2 + 58*x + 131. What is a(-10)?
-749
Let t(u) = 112014*u - 1904240. What is t(17)?
-2
Let w(c) = -c**3 + 83*c**2 + 646*c + 1304. Calculate w(90).
2744
Let r(k) = -6*k**3 - 95*k**2 - k - 42. What is r(-16)?
230
Let d(x) = -441*x**3 - 26016*x**2 + 175*x - 42. What is d(-59)?
76
Let w(v) = -v**3 + 33*v**2 - 38*v + 501. Calculate w(33).
-753
Let w(z) = 4*z**2 - 527*z - 2163. Calculate w(-4).
9
Let g(i) = -9*i**2 + 53193*i - 106388. What is g(2)?
-38
Let i(j) = -122598*j - 858195. Calculate i(-7).
-9
Let b(d) = d**2 + 36*d - 685. Give b(12).
-109
Let u(l) = -49441*l + 12508556. What is u(253)?
-17
Let c(d) = -2*d**3 - 13*d**2 + 470*d + 3579. What is c(-8)?
11
Let i(d) = 477*d + 14698. Give i(-31).
-89
Let k(m) = -55*m**2 + 3864*m - 4776. Calculate k(69).
-15
Let i(n) = -2*n**2 + 88*n + 928. Give i(54).
-152
Let a(u) = -32138*u + 192824. Determine a(6).
-4
Let s(d) = 2*d**3 + 32*d**2 + 8*d + 67. Give s(-16).
-61
Let q(x) = -6757*x + 40683. Give q(6).
141
Let d(x) = -30419*x + 486767. What is d(16)?
63
Let k(x) = x**3 - 41*x**2 + 447*x - 2125. What is k(27)?
-262
Let u(j) = 11757*j + 482090. Calculate u(-41).
53
Let n(c) = -10*c**3 + 14*c**2 - 701*c - 1407. Calculate n(-2).
131
Let c(m) = m**3 + 94*m**2 + 1489*m + 665. Calculate c(-74).
-1
Let b(v) = -v**2 - 4415*v - 312806. Determine b(-72).
-110
Let o(n) = -7*n**2 - 306*n - 